{"id":4768,"date":"2024-06-02T09:51:05","date_gmt":"2024-06-02T07:51:05","guid":{"rendered":"https:\/\/actingcoach.de\/?page_id=4768"},"modified":"2024-09-03T10:54:59","modified_gmt":"2024-09-03T08:54:59","slug":"unsere-partner-und-nuetzliche-links","status":"publish","type":"page","link":"https:\/\/actingcoach.de\/index.php\/unsere-partner-und-nuetzliche-links\/","title":{"rendered":"Unsere Partner und n\u00fctzliche Links | actingcoach.studio Hamburg"},"content":{"rendered":"\n<style type=\"text\/css\" data-created_by=\"avia_inline_auto\" id=\"style-css-av-lwxbmb6k-e13075c0b960f73af79b06f8a2942c67\">\n#top .av-special-heading.av-lwxbmb6k-e13075c0b960f73af79b06f8a2942c67{\npadding-bottom:10px;\ncolor:#edae44;\n}\nbody .av-special-heading.av-lwxbmb6k-e13075c0b960f73af79b06f8a2942c67 .av-special-heading-tag .heading-char{\nfont-size:25px;\n}\n.av-special-heading.av-lwxbmb6k-e13075c0b960f73af79b06f8a2942c67 .special-heading-inner-border{\nborder-color:#edae44;\n}\n.av-special-heading.av-lwxbmb6k-e13075c0b960f73af79b06f8a2942c67 .av-subheading{\nfont-size:15px;\n}\n<\/style>\n<div  class='av-special-heading av-lwxbmb6k-e13075c0b960f73af79b06f8a2942c67 av-special-heading-h1 custom-color-heading blockquote modern-quote  avia-builder-el-0  el_before_av_textblock  avia-builder-el-first '><h1 class='av-special-heading-tag'  itemprop=\"headline\"  >Informationen und Kurse<\/h1><div class=\"special-heading-border\"><div class=\"special-heading-inner-border\"><\/div><\/div><\/div>\n<section  class='av_textblock_section av-m0m6jngg-ca3a65929232019e251421d5eedaaa38 '   itemscope=\"itemscope\" itemtype=\"https:\/\/schema.org\/CreativeWork\" ><div class='avia_textblock'  itemprop=\"text\" ><p class=\"p1\">Unsere Partner und n\u00fctzliche Links<\/p>\n<p class=\"p1\">Bei <b>actingcoach.studio<\/b> legen wir gro\u00dfen Wert auf Zusammenarbeit und Vernetzung innerhalb der <b>Film- und Schauspielbranche<\/b>.<\/p>\n<p class=\"p1\">Hier finden Sie eine Auswahl unserer vertrauensw\u00fcrdigen Partner sowie n\u00fctzliche Links zu wichtigen Ressourcen und Dienstleistungen, die Ihnen auf Ihrem Weg zum professionellen Schauspieler helfen k\u00f6nnen.<\/p>\n<p class=\"p1\"><b>Unsere Partner:<\/b><\/p>\n<p>Das <strong><a href=\"https:\/\/www.thalia-theater.de\/\" target=\"_new\" rel=\"noopener nofollow\">Thalia Theater<\/a><\/strong> ist eine der f\u00fchrenden B\u00fchnen in Hamburg und bekannt f\u00fcr seine innovativen Inszenierungen und die F\u00f6rderung neuer Talente.<\/p>\n<p>Das <strong><a href=\"https:\/\/www.schauspielhaus.de\/\" target=\"_new\" rel=\"noopener nofollow\">Schauspielhaus Hamburg<\/a><\/strong> ist ein weiteres bedeutendes Theater in Hamburg, das sich durch seine anspruchsvollen Inszenierungen und die Unterst\u00fctzung junger Talente auszeichnet.<\/p>\n<p class=\"p1\">Hier sind einige wichtige Links, die f\u00fcr Schauspieler n\u00fctzlich sein k\u00f6nnen:<\/p>\n<p class=\"p2\"><b>1. Casting-Websites:<\/b><\/p>\n<ul class=\"ul1\">\n<li class=\"li1\"><span class=\"s1\"><a href=\"https:\/\/www.castingnetwork.de\/\" rel=\"nofollow noopener\" target=\"_blank\"><span class=\"s2\"><b>Casting Network<\/b><\/span><\/a><\/span>: Eine der f\u00fchrenden Plattformen f\u00fcr Casting-Angebote in Deutschland. Hier finden Schauspieler zahlreiche Ausschreibungen f\u00fcr Film, Fernsehen und Theater.<\/li>\n<li class=\"li1\"><span class=\"s1\"><a href=\"https:\/\/www.filmmakers.de\/\" rel=\"nofollow noopener\" target=\"_blank\"><span class=\"s2\"><b>Filmmakers.de<\/b><\/span><\/a><\/span>: Eine Plattform, die Casting-Ausschreibungen, Jobs und Netzwerkm\u00f6glichkeiten f\u00fcr Schauspieler bietet.<\/li>\n<\/ul>\n<p class=\"p2\"><b>2. Schauspielschulen und Weiterbildungsangebote:<\/b><\/p>\n<ul class=\"ul1\">\n<li class=\"li1\"><span class=\"s1\"><a href=\"https:\/\/www.hfmt-hamburg.de\/\" rel=\"nofollow noopener\" target=\"_blank\"><span class=\"s2\"><b>Hochschule f\u00fcr Musik und Theater Hamburg<\/b><\/span><\/a><\/span>: Bietet erstklassige Ausbildungsm\u00f6glichkeiten f\u00fcr angehende Schauspieler und andere darstellende K\u00fcnstler.<\/li>\n<\/ul>\n<p class=\"p2\"><b>3. Branchenverb\u00e4nde und Netzwerke:<\/b><\/p>\n<ul class=\"ul1\">\n<li class=\"li1\"><span class=\"s1\"><a href=\"https:\/\/www.bffs.de\/\" rel=\"nofollow noopener\" target=\"_blank\"><span class=\"s2\"><b>Bundesverband Schauspiel (BFFS)<\/b><\/span><\/a><\/span>: Der gr\u00f6\u00dfte Berufsverband f\u00fcr Schauspieler in Deutschland, der sich f\u00fcr die Rechte und Interessen von Schauspielern einsetzt.<\/li>\n<li class=\"li1\"><span class=\"s1\"><a href=\"https:\/\/www.deutsche-filmakademie.de\/\" rel=\"nofollow noopener\" target=\"_blank\"><span class=\"s2\"><b>Deutsche Filmakademie<\/b><\/span><\/a><\/span>: Ein Netzwerk von Filmschaffenden in Deutschland, das die deutsche Filmkultur f\u00f6rdert und unterst\u00fctzt.<\/li>\n<\/ul>\n<p class=\"p2\"><b>4. Fort- und Weiterbildung:<\/b><\/p>\n<ul class=\"ul1\">\n<li class=\"li1\"><b>ZAV K\u00fcnstlervermittlung<\/b>: Bietet Informationen und Beratung zu Jobs und Weiterbildungen f\u00fcr Schauspieler und andere K\u00fcnstler.<\/li>\n<li class=\"li1\"><span class=\"s1\"><a href=\"https:\/\/www.schauspielervideos.de\/\" rel=\"nofollow noopener\" target=\"_blank\"><span class=\"s2\"><b>Schauspielervideos.de<\/b><\/span><\/a><\/span>: Eine Plattform f\u00fcr Schauspieler, um ihre Showreels und Profile zu pr\u00e4sentieren.<\/li>\n<\/ul>\n<p class=\"p2\"><b>5. Networking und Community:<\/b><\/p>\n<ul class=\"ul1\">\n<li class=\"li1\"><span class=\"s1\"><a href=\"https:\/\/www.crew-united.com\/\" rel=\"nofollow noopener\" target=\"_blank\"><span class=\"s2\"><b>Crew United<\/b><\/span><\/a><\/span>: Ein Netzwerk f\u00fcr Filmschaffende in Europa, das es erm\u00f6glicht, Kontakte zu kn\u00fcpfen und Projekte zu finden.<\/li>\n<li class=\"li1\"><span class=\"s1\"><a href=\"https:\/\/www.imdb.com\/\" rel=\"nofollow noopener\" target=\"_blank\"><span class=\"s2\"><b>IMDb<\/b><\/span><\/a><\/span>: Die weltweit gr\u00f6\u00dfte Datenbank f\u00fcr Filme, Fernsehsendungen und Schauspieler, ideal f\u00fcr die Pr\u00e4sentation und den Aufbau einer Karriere.<\/li>\n<\/ul>\n<p class=\"p1\"><b>Call-to-Action:<\/b><br \/>\nInteressiert an einer Partnerschaft? Kontaktieren Sie uns, um mehr \u00fcber Kooperationsm\u00f6glichkeiten mit <b>actingcoach.studio<\/b> zu erfahren.<\/p>\n<\/div><\/section>\n\n<style type=\"text\/css\" data-created_by=\"avia_inline_auto\" id=\"style-css-av-lwxbgh0o-72d28e95c9043a712ad15677790c3aa2\">\n.avia-logo-element-container.av-lwxbgh0o-72d28e95c9043a712ad15677790c3aa2 .av-partner-fake-img{\nbackground-size:cover;\n}\n<\/style>\n<div  class='avia-logo-element-container av-lwxbgh0o-72d28e95c9043a712ad15677790c3aa2 avia-logo-slider avia-content-slider avia-smallarrow-slider avia-content-slider-active noHover avia-content-slider-odd  avia-builder-el-2  el_after_av_textblock  el_before_av_partner  av-slideshow-ui av-control-default av-nav-arrows-visible av-nav-dots-visible av-no-slider-navigation av-slideshow-manual av-loop-once av-loop-manual-endless avia-content-slider1' data-slideshow-options=\"{&quot;animation&quot;:&quot;slide&quot;,&quot;autoplay&quot;:false,&quot;loop_autoplay&quot;:&quot;once&quot;,&quot;interval&quot;:5,&quot;loop_manual&quot;:&quot;manual-endless&quot;,&quot;autoplay_stopper&quot;:false,&quot;noNavigation&quot;:false,&quot;bg_slider&quot;:false,&quot;keep_padding&quot;:&quot;&quot;,&quot;hoverpause&quot;:false,&quot;show_slide_delay&quot;:0}\"><div class='avia-smallarrow-slider-heading '><div class='new-special-heading'><h3 class='av-logo-special-heading-text '>Wikipedia H.Killmeyer<\/h3><\/div><\/div><div class=\"avia-content-slider-inner\"><div class=\"slide-entry-wrap\"><div  class='slide-entry av-lwxbgg0s-3c9eab26daa48bc550fed8980c839d63 flex_column no_margin av_one_third real-thumbnail post-entry slide-entry-overview slide-loop-1 slide-parity-odd post-entry-last first'><a href=\"https:\/\/de.wikipedia.org\/wiki\/Hermann_Killmeyer\" data-rel=\"slide-1\" class=\"slide-image\" title=\"\" target=\"_blank\" rel=\"noopener noreferrer nofollow\"><span class='av-partner-fake-img' style='padding-bottom:115.311004785%; background-image:url(https:\/\/actingcoach.de\/wp-content\/uploads\/2024\/06\/download.jpg);'><\/span><\/a><\/div><\/div><\/div><\/div>\n\n<style type=\"text\/css\" data-created_by=\"avia_inline_auto\" id=\"style-css-av-lwxbdbjv-84c022da99c21eae6032bb52d2e233bd\">\n.avia-logo-element-container.av-lwxbdbjv-84c022da99c21eae6032bb52d2e233bd .av-partner-fake-img{\nbackground-size:cover;\n}\n<\/style>\n<div  class='avia-logo-element-container av-lwxbdbjv-84c022da99c21eae6032bb52d2e233bd avia-logo-slider avia-content-slider avia-smallarrow-slider avia-content-slider-active noHover avia-content-slider-odd  avia-builder-el-3  el_after_av_partner  avia-builder-el-last  av-slideshow-ui av-control-default av-nav-arrows-visible av-nav-dots-visible av-no-slider-navigation av-slideshow-manual av-loop-once av-loop-manual-endless avia-content-slider2' data-slideshow-options=\"{&quot;animation&quot;:&quot;slide&quot;,&quot;autoplay&quot;:false,&quot;loop_autoplay&quot;:&quot;once&quot;,&quot;interval&quot;:5,&quot;loop_manual&quot;:&quot;manual-endless&quot;,&quot;autoplay_stopper&quot;:false,&quot;noNavigation&quot;:false,&quot;bg_slider&quot;:false,&quot;keep_padding&quot;:&quot;&quot;,&quot;hoverpause&quot;:false,&quot;show_slide_delay&quot;:0}\"><div class='avia-smallarrow-slider-heading '><div class='new-special-heading'><h3 class='av-logo-special-heading-text '>filmmakers schauspieler<\/h3><\/div><\/div><div class=\"avia-content-slider-inner\"><div class=\"slide-entry-wrap\"><div  class='slide-entry av-8p140-a56a3c84dcc23200e63bd52ea013d6e0 flex_column no_margin av_one_third real-thumbnail post-entry slide-entry-overview slide-loop-1 slide-parity-odd post-entry-last first'><a href=\"https:\/\/www.filmmakers.eu\/de\/actors\/hermann-killmeyer\" data-rel=\"slide-2\" class=\"slide-image\" title=\"\" target=\"_blank\" rel=\"noopener noreferrer nofollow\"><span class='av-partner-fake-img' style='padding-bottom:100%; background-image:url(https:\/\/actingcoach.de\/wp-content\/uploads\/2024\/06\/logo-fae76115a7b71fb45ff4e21edbff50c9df36c929dd95dfe61e6f5722e00949b1.svg);'><\/span><\/a><\/div><\/div><\/div><\/div>\n","protected":false},"excerpt":{"rendered":"","protected":false},"author":1,"featured_media":0,"parent":0,"menu_order":0,"comment_status":"closed","ping_status":"closed","template":"","meta":{"_acf_changed":false,"_price":"","_stock":"","_tribe_ticket_header":"","_tribe_default_ticket_provider":"","_tribe_ticket_capacity":"0","_ticket_start_date":"","_ticket_end_date":"","_tribe_ticket_show_description":"","_tribe_ticket_show_not_going":false,"_tribe_ticket_use_global_stock":"","_tribe_ticket_global_stock_level":"","_global_stock_mode":"","_global_stock_cap":"","_tribe_rsvp_for_event":"","_tribe_ticket_going_count":"","_tribe_ticket_not_going_count":"","_tribe_tickets_list":"[]","_tribe_ticket_has_attendee_info_fields":false,"footnotes":"","_tec_slr_enabled":"","_tec_slr_layout":""},"class_list":["post-4768","page","type-page","status-publish","hentry"],"acf":[],"amp_enabled":true,"ticketed":false,"_links":{"self":[{"href":"https:\/\/actingcoach.de\/index.php\/wp-json\/wp\/v2\/pages\/4768","targetHints":{"allow":["GET"]}}],"collection":[{"href":"https:\/\/actingcoach.de\/index.php\/wp-json\/wp\/v2\/pages"}],"about":[{"href":"https:\/\/actingcoach.de\/index.php\/wp-json\/wp\/v2\/types\/page"}],"author":[{"embeddable":true,"href":"https:\/\/actingcoach.de\/index.php\/wp-json\/wp\/v2\/users\/1"}],"replies":[{"embeddable":true,"href":"https:\/\/actingcoach.de\/index.php\/wp-json\/wp\/v2\/comments?post=4768"}],"version-history":[{"count":0,"href":"https:\/\/actingcoach.de\/index.php\/wp-json\/wp\/v2\/pages\/4768\/revisions"}],"wp:attachment":[{"href":"https:\/\/actingcoach.de\/index.php\/wp-json\/wp\/v2\/media?parent=4768"}],"curies":[{"name":"wp","href":"https:\/\/api.w.org\/{rel}","templated":true}]}}