{"id":3570,"date":"2024-05-20T11:22:25","date_gmt":"2024-05-20T09:22:25","guid":{"rendered":"https:\/\/new.actingcoach.de\/?page_id=3570"},"modified":"2024-09-02T11:29:39","modified_gmt":"2024-09-02T09:29:39","slug":"impressum","status":"publish","type":"page","link":"https:\/\/actingcoach.de\/index.php\/impressum\/","title":{"rendered":"Impressum \u2013 actingcoach.studio | Kontakt &#038; rechtliche Informationen"},"content":{"rendered":"\n<style type=\"text\/css\" data-created_by=\"avia_inline_auto\" id=\"style-css-av-lwtl0306-fac35add2cf79ffc1a6b4cd0e0796b44\">\n.avia-section.av-lwtl0306-fac35add2cf79ffc1a6b4cd0e0796b44 .av-extra-border-element .av-extra-border-inner{\nbackground-color:#ffffff;\n}\n<\/style>\n<div id='demos'  class='avia-section av-lwtl0306-fac35add2cf79ffc1a6b4cd0e0796b44 main_color avia-section-huge avia-no-border-styling  avia-builder-el-0  avia-builder-el-no-sibling  avia-bg-style-scroll av-arrow-down-section container_wrap sidebar_right'  ><div class='container av-section-cont-open' ><main  role=\"main\" itemprop=\"mainContentOfPage\"  class='template-page content  av-content-small alpha units'><div class='post-entry post-entry-type-page post-entry-3570'><div class='entry-content-wrapper clearfix'> \n<style type=\"text\/css\" data-created_by=\"avia_inline_auto\" id=\"style-css-av-430n5u-d7976d3661cb35b7bbcc3b02f93970f0\">\n#top .flex_column.av-430n5u-d7976d3661cb35b7bbcc3b02f93970f0{\nmargin-top:0px;\nmargin-bottom:0px;\n}\n.flex_column.av-430n5u-d7976d3661cb35b7bbcc3b02f93970f0{\nborder-radius:0px 0px 0px 0px;\npadding:50px 50px 50px 50px;\nbackground-color:rgba(255,255,255,0.85);\n}\n.responsive #top #wrap_all .flex_column.av-430n5u-d7976d3661cb35b7bbcc3b02f93970f0{\nmargin-top:0px;\nmargin-bottom:0px;\n}\n<\/style>\n<div  class='flex_column av-430n5u-d7976d3661cb35b7bbcc3b02f93970f0 av_two_third  avia-builder-el-1  avia-builder-el-no-sibling  first no_margin flex_column_div av-animated-generic left-to-right  '     ><p> \n<style type=\"text\/css\" data-created_by=\"avia_inline_auto\" id=\"style-css-av-lwtkygnz-ca9635fa3449b57b0fcca7f44675fe3e\">\n#top .av-special-heading.av-lwtkygnz-ca9635fa3449b57b0fcca7f44675fe3e{\npadding-bottom:20px;\ncolor:#000000;\nfont-size:40px;\n}\nbody .av-special-heading.av-lwtkygnz-ca9635fa3449b57b0fcca7f44675fe3e .av-special-heading-tag .heading-char{\nfont-size:25px;\n}\n#top #wrap_all .av-special-heading.av-lwtkygnz-ca9635fa3449b57b0fcca7f44675fe3e .av-special-heading-tag{\nfont-size:40px;\n}\n.av-special-heading.av-lwtkygnz-ca9635fa3449b57b0fcca7f44675fe3e .special-heading-inner-border{\nborder-color:#000000;\n}\n.av-special-heading.av-lwtkygnz-ca9635fa3449b57b0fcca7f44675fe3e .av-subheading{\nfont-size:15px;\ncolor:#edae44;\n}\n\n@media only screen and (min-width: 480px) and (max-width: 767px){ \n#top #wrap_all .av-special-heading.av-lwtkygnz-ca9635fa3449b57b0fcca7f44675fe3e .av-special-heading-tag{\nfont-size:0.8em;\n}\n}\n\n@media only screen and (max-width: 479px){ \n#top #wrap_all .av-special-heading.av-lwtkygnz-ca9635fa3449b57b0fcca7f44675fe3e .av-special-heading-tag{\nfont-size:0.8em;\n}\n}\n<\/style>\n<div  class='av-special-heading av-lwtkygnz-ca9635fa3449b57b0fcca7f44675fe3e av-special-heading-h1 custom-color-heading blockquote modern-quote modern-right  avia-builder-el-2  el_before_av_textblock  avia-builder-el-first  av-inherit-size'><h1 class='av-special-heading-tag'  itemprop=\"headline\"  >Impressum<\/h1><div class=\"special-heading-border\"><div class=\"special-heading-inner-border\"><\/div><\/div><\/div> <section  class='av_textblock_section av-lwtkxxo6-54b6d0b695d29eb6cc8e261ce992d4f3 '   itemscope=\"itemscope\" itemtype=\"https:\/\/schema.org\/CreativeWork\" ><div class='avia_textblock'  itemprop=\"text\" ><h4>Inhaber<\/h4>\n<p>Hermann Killmeyer Anschrift: Reimarusstra\u00dfe 4, 20459 Hamburg, Deutschland Kontakt: Telefon: +49 (0)40 317 917 84 E-Mail: info(at)actingcoach(.)de Verantwortlich f\u00fcr den Inhalt nach \u00a7 55 Abs. 2 RStV: Hermann Killmeyer<\/p>\n<h4>Haftungsausschluss:<\/h4>\n<h6>Haftung f\u00fcr Inhalte<\/h6>\n<p>Als Diensteanbieter sind wir gem\u00e4\u00df \u00a7 7 Abs.1 TMG f\u00fcr eigene Inhalte auf diesen Seiten nach den allgemeinen Gesetzen verantwortlich. Nach \u00a7\u00a7 8 bis 10 TMG sind wir als Diensteanbieter jedoch nicht verpflichtet, \u00fcbermittelte oder gespeicherte fremde Informationen zu \u00fcberwachen oder nach Umst\u00e4nden zu forschen, die auf eine rechtswidrige T\u00e4tigkeit hinweisen.<\/p>\n<h6>Haftung f\u00fcr Links<\/h6>\n<p>Unser Angebot enth\u00e4lt Links zu externen Websites Dritter, auf deren Inhalte wir keinen Einfluss haben. Deshalb k\u00f6nnen wir f\u00fcr diese fremden Inhalte auch keine Gew\u00e4hr \u00fcbernehmen. F\u00fcr die Inhalte der verlinkten Seiten ist stets der jeweilige Anbieter oder Betreiber der Seiten verantwortlich. Urheberrecht Die durch die Seitenbetreiber erstellten Inhalte und Werke auf diesen Seiten unterliegen dem deutschen Urheberrecht. Beitr\u00e4ge Dritter sind als solche gekennzeichnet. Die Vervielf\u00e4ltigung, Bearbeitung, Verbreitung und jede Art der Verwertung au\u00dferhalb der Grenzen des Urheberrechtes bed\u00fcrfen der schriftlichen Zustimmung des jeweiligen Autors bzw. Erstellers. Downloads und Kopien dieser Seite sind nur f\u00fcr den privaten, nicht kommerziellen Gebrauch gestattet.<\/p>\n<h5>Streitschlichtung<\/h5>\n<p>Die Europ\u00e4ische Kommission stellt eine Plattform zur Online-Streitbeilegung (OS) bereit: Die auf dieser Website verwendeten Bilder und Grafiken sind urheberrechtlich gesch\u00fctzt. Bildquellen und Urheber sind auf der jeweiligen Bildunterseite genannt. <\/p>\n<\/div><\/section> <\/p><\/div><\/div><\/div><\/main><!-- close content main element --><\/div><div class='av-extra-border-element border-extra-arrow-down'><div class='av-extra-border-outer'><div class='av-extra-border-inner'><\/div><\/div><\/div><\/div><div id='after_section_1'  class='main_color av_default_container_wrap container_wrap sidebar_right'  ><div class='container av-section-cont-open' ><div class='template-page content  av-content-small alpha units'><div class='post-entry post-entry-type-page post-entry-3570'><div class='entry-content-wrapper clearfix'>\n","protected":false},"excerpt":{"rendered":"","protected":false},"author":1,"featured_media":0,"parent":0,"menu_order":0,"comment_status":"closed","ping_status":"closed","template":"","meta":{"_acf_changed":false,"_price":"","_stock":"","_tribe_ticket_header":"","_tribe_default_ticket_provider":"","_tribe_ticket_capacity":"0","_ticket_start_date":"","_ticket_end_date":"","_tribe_ticket_show_description":"","_tribe_ticket_show_not_going":false,"_tribe_ticket_use_global_stock":"","_tribe_ticket_global_stock_level":"","_global_stock_mode":"","_global_stock_cap":"","_tribe_rsvp_for_event":"","_tribe_ticket_going_count":"","_tribe_ticket_not_going_count":"","_tribe_tickets_list":"[]","_tribe_ticket_has_attendee_info_fields":false,"footnotes":"","_tec_slr_enabled":"","_tec_slr_layout":""},"class_list":["post-3570","page","type-page","status-publish","hentry"],"acf":[],"amp_enabled":true,"ticketed":false,"_links":{"self":[{"href":"https:\/\/actingcoach.de\/index.php\/wp-json\/wp\/v2\/pages\/3570","targetHints":{"allow":["GET"]}}],"collection":[{"href":"https:\/\/actingcoach.de\/index.php\/wp-json\/wp\/v2\/pages"}],"about":[{"href":"https:\/\/actingcoach.de\/index.php\/wp-json\/wp\/v2\/types\/page"}],"author":[{"embeddable":true,"href":"https:\/\/actingcoach.de\/index.php\/wp-json\/wp\/v2\/users\/1"}],"replies":[{"embeddable":true,"href":"https:\/\/actingcoach.de\/index.php\/wp-json\/wp\/v2\/comments?post=3570"}],"version-history":[{"count":0,"href":"https:\/\/actingcoach.de\/index.php\/wp-json\/wp\/v2\/pages\/3570\/revisions"}],"wp:attachment":[{"href":"https:\/\/actingcoach.de\/index.php\/wp-json\/wp\/v2\/media?parent=3570"}],"curies":[{"name":"wp","href":"https:\/\/api.w.org\/{rel}","templated":true}]}}